actor of 1632 and 7650?
102
Calculate the highest common factor of 4693 and 104.
13
Calculate the greatest common divisor of 3411399 and 879.
879
What is the highest common divisor of 224553 and 24864?
777
What is the highest common factor of 590 and 122838?
118
What is the highest common divisor of 4045 and 25?
5
What is the highest common divisor of 870104 and 976?
488
Calculate the greatest common divisor of 8945 and 430.
5
What is the greatest common divisor of 70043 and 2848?
89
Calculate the highest common divisor of 1124057 and 374.
187
What is the greatest common factor of 3239588 and 1207?
1207
Calculate the greatest common factor of 3429691 and 41.
41
Calculate the highest common divisor of 72 and 32332.
4
Calculate the greatest common factor of 565590 and 3570.
510
Calculate the highest common divisor of 136888 and 21016.
568
What is the greatest common factor of 97916 and 364?
364
What is the greatest common factor of 9 and 949743?
9
What is the greatest common divisor of 28037 and 106?
53
What is the greatest common divisor of 117695 and 5?
5
Calculate the greatest common factor of 936 and 329760.
72
Calculate the highest common factor of 463557 and 2865.
573
Calculate the greatest common factor of 12834 and 62514.
414
What is the highest common factor of 221 and 15827?
17
What is the greatest common divisor of 707 and 8218?
7
What is the greatest common divisor of 50 and 328040?
10
Calculate the highest common factor of 459 and 11883.
51
Calculate the highest common divisor of 1154650 and 150.
50
Calculate the highest common divisor of 18471 and 1128.
141
What is the highest common factor of 5032 and 535432?
136
Calculate the highest common divisor of 85 and 46478.
17
What is the highest common factor of 2667 and 100884?
21
What is the greatest common divisor of 573797 and 7?
7
Calculate the greatest common divisor of 2165850 and 1350.
450
What is the highest common factor of 150 and 396?
6
What is the highest common divisor of 4359116 and 213?
71
What is the greatest common divisor of 8 and 1168428?
4
What is the highest common divisor of 861 and 46617?
123
Calculate the greatest common factor of 264 and 2694.
6
Calculate the highest common divisor of 354797 and 197.
197
What is the greatest common factor of 92 and 299?
23
What is the highest common factor of 35 and 149625?
35
What is the highest common divisor of 58080 and 14036?
484
What is the highest common factor of 111426 and 48512?
758
Calculate the highest common divisor of 500903 and 689.
689
Calculate the highest common factor of 4002817 and 91.
91
Calculate the highest common factor of 1002 and 98697.
501
Calculate the greatest common factor of 1345196 and 388.
388
Calculate the highest common divisor of 36167 and 177.
59
Calculate the highest common factor of 46657 and 1067.
97
Calculate the highest common factor of 1405 and 35968.
281
What is the highest common factor of 9 and 2901?
3
What is the greatest common factor of 302066 and 712?
178
What is the highest common factor of 3626112 and 7?
7
What is the greatest common factor of 13692 and 12?
12
What is the highest common divisor of 119 and 1953?
7
Calculate the greatest common divisor of 2928 and 2679486.
366
Calculate the greatest common factor of 117140 and 40.
20
What is the highest common divisor of 1534 and 1664?
26
Calculate the highest common factor of 98 and 9317.
7
What is the highest common divisor of 293475 and 12255?
645
What is the highest common divisor of 72579 and 2743?
13
What is the highest common factor of 745493 and 281?
281
Calculate the greatest common divisor of 74964 and 24.
12
Calculate the highest common divisor of 5422396 and 868.
868
What is the highest common factor of 29143 and 1057?
151
What is the highest common divisor of 35 and 2803759?
7
What is the highest common divisor of 4002 and 43746?
138
Calculate the greatest common divisor of 2275 and 77805.
455
Calculate the greatest common divisor of 463131 and 27.
27
Calculate the greatest common divisor of 9 and 2750.
1
What is the highest common divisor of 1517 and 370?
37
What is the greatest common divisor of 100 and 858460?
20
Calculate the greatest common divisor of 399 and 20121.
57
What is the greatest common factor of 329678 and 1?
1
What is the greatest common divisor of 25 and 496900?
25
Calculate the greatest common factor of 76 and 785042.
38
What is the greatest common factor of 19964 and 115?
23
What is the highest common divisor of 16669 and 632?
79
What is the greatest common divisor of 169261 and 1351?
193
Calculate the highest common divisor of 9158084 and 754.
754
Calculate the highest common factor of 2530 and 860.
10
Calculate the greatest common divisor of 8132 and 17366.
38
What is the greatest common divisor of 224 and 132896?
32
What is the greatest common divisor of 11166 and 16?
2
Calculate the highest common divisor of 380 and 65400.
20
Calculate the highest common divisor of 28008 and 144.
72
Calculate the highest common factor of 2310 and 18015.
15
What is the greatest common factor of 42 and 4096974?
42
Calculate the highest common divisor of 1765 and 493141.
353
Calculate the greatest common divisor of 403585 and 455.
455
Calculate the greatest common factor of 30 and 30048.
6
Calculate the greatest common factor of 59521 and 2387.
77
What is the greatest common divisor of 4323 and 13035?
33
What is the greatest common divisor of 620 and 241180?
620
Calculate the highest common divisor of 159 and 6232164.
159
What is the highest common factor of 64 and 12968?
8
Calculate the greatest common divisor of 2669 and 102.
17
What is the greatest common divisor of 600 and 15150?
150
What is the greatest common factor of 41856 and 288?
96
Calculate the greatest common divisor of 1516098 and 246.
246
Calculate the highest common divisor of 1804 and 14020688.
1804
Calculate the greatest common factor of 418 and 27412.
22
What is the highest common factor of 12532 and 6025?
241
Calculate the highest common factor of 298046 and 1342.
122
Calculate the highest common factor of 5191 and 358.
179
What is the greatest common divisor of 28907 and 137?
137
What is the highest common divisor of 2400 and 27800?
200
What is the highest common factor of 16341 and 10475?
419
What is the highest common factor of 220 and 37004?
44
What is the highest common divisor of 39345 and 127185?
915
Calculate the greatest common factor of 332340 and 300.
60
Calculate the highest common divisor of 4485 and 6969.
69
What is the highest common factor of 1014 and 148278?
78
Calculate the greatest common divisor of 14742 and 6916.
182
Calculate the highest common factor of 1353550 and 4280.
1070
Calculate the highest common factor of 24580 and 160.
20
Calculate the greatest common factor of 226264 and 72.
8
Calculate the highest common factor of 130 and 162.
2
Calculate the greatest common factor of 9 and 588429.
9
Calculate the greatest common divisor of 153100 and 5100.
100
Calculate the highest common factor of 38738 and 82.
2
Calculate the greatest common divisor of 1614108 and 372.
372
What is the greatest common factor of 3088 and 88?
8
What is the greatest common divisor of 64558 and 234?
26
What is the greatest common factor of 79896 and 168?
24
What is the greatest common divisor of 202937 and 1855?
371
Calculate the greatest common factor of 1705 and 23715.
155
What is the greatest common factor of 14457341 and 1363?
1363
What is the highest common divisor of 1450 and 48575?
725
What is the greatest common factor of 291311 and 1046?
523
What is the greatest common factor of 448 and 28924?
28
What is the greatest common divisor of 20 and 1195?
5
Calculate the highest common factor of 5445 and 27.
9
Calculate the highest common factor of 492 and 23124.
492
What is the greatest common factor of 20 and 133720?
20
What is the greatest common divisor of 9801 and 1521?
9
Calculate the greatest common factor of 170 and 270.
10
What is the greatest common divisor of 254048 and 544?
544
What is the greatest common factor of 3714 and 42?
6
What is the highest common factor of 97950 and 200?
50
Calculate the greatest common divisor of 71107 and 2696.
337
What is the greatest common divisor of 1843148 and 4?
4
Calculate the greatest commo